{"id":889,"date":"2017-10-22T21:57:29","date_gmt":"2017-10-22T21:57:29","guid":{"rendered":"http:\/\/localhost\/fares\/?post_type=product&#038;p=889"},"modified":"2025-10-26T05:46:58","modified_gmt":"2025-10-26T05:46:58","slug":"technical-english-ingles-tecnico-i-y-ii","status":"publish","type":"product","link":"https:\/\/prueba.editorialfares.com\/wpcsv\/producto\/technical-english-ingles-tecnico-i-y-ii\/","title":{"rendered":""},"content":{"rendered":"<table border=\"0\">\n<tbody>\n<tr>\n<th scope=\"col\" align=\"center\" valign=\"middle\" bgcolor=\"#E5E7EF\" width=\"512\"><strong style=\"font-family: Segoe, 'Segoe UI', 'DejaVu Sans', 'Trebuchet MS', Verdana, sans-serif; text-align: center; font-size: 20px; color: #202a51;\"> Contenidos conceptuales<\/strong><\/th>\n<th scope=\"col\" align=\"center\" valign=\"middle\" bgcolor=\"#ECF6F7\" width=\"513\"><strong style=\"font-family: Segoe, 'Segoe UI', 'DejaVu Sans', 'Trebuchet MS', Verdana, sans-serif; text-align: center; font-size: 20px; color: #202a51;\">Contenidos procedimentales <\/strong><\/th>\n<th scope=\"col\" align=\"center\" valign=\"middle\" bgcolor=\"#FAF2E0\" width=\"513\"><strong style=\"font-family: Segoe, 'Segoe UI', 'DejaVu Sans', 'Trebuchet MS', Verdana, sans-serif; text-align: center; font-size: 20px; color: #202a51;\">Contenidos actitudinales <\/strong><\/th>\n<\/tr>\n<tr>\n<td>\n<ul>\n<li><span style=\"color: #202a51;\">Vocabulario:<\/span>\n<ul>\n<li><span style=\"color: #202a51;\">Lugares en la ciudad \/ Medios de transporte<\/span><\/li>\n<li><span style=\"color: #202a51;\">Adjetivos \/ Medios de comunicaci\u00f3n<\/span><\/li>\n<li><span style=\"color: #202a51;\">Partes de la casa<\/span><\/li>\n<li><span style=\"color: #202a51;\">Comandos e instrucciones<\/span><\/li>\n<li><span style=\"color: #202a51;\">Juegos tradicionales<\/span><\/li>\n<li><span style=\"color: #202a51;\">Software<\/span><\/li>\n<li><span style=\"color: #202a51;\">Programas de televisi\u00f3n<\/span><\/li>\n<li><span style=\"color: #202a51;\">Partes del discurso<\/span><\/li>\n<\/ul>\n<\/li>\n<li><span style=\"color: #202a51;\">Gram\u00e1tica: Pasado simple de BE (Was \/ Were)<\/span><\/li>\n<li><span style=\"color: #202a51;\">Gram\u00e1tica: Pasado simple de verbos regulares<\/span><\/li>\n<li><span style=\"color: #202a51;\">Gram\u00e1tica: Adjetivos<\/span><\/li>\n<li><span style=\"color: #202a51;\">Gram\u00e1tica: Futuro con Will<\/span><\/li>\n<li><span style=\"color: #202a51;\">Gram\u00e1tica: Gerundios (Verb + ing)<\/span><\/li>\n<li><span style=\"color: #202a51;\">Gram\u00e1tica: Pasado continuo y pasado simple<\/span><\/li>\n<li><span style=\"color: #202a51;\">Gram\u00e1tica: Participios usados como adjetivos<\/span><\/li>\n<\/ul>\n<\/td>\n<td>\n<ul>\n<li><span style=\"color: #202a51;\">Conversation: What did you use to do?<\/span><\/li>\n<li><span style=\"color: #202a51;\">Roleplay \u2013 Entrevistando una celebridad.<\/span><\/li>\n<li><span style=\"color: #202a51;\">Conversation: I Will be really jealous!<\/span><\/li>\n<li><span style=\"color: #202a51;\">Conversation: What are you going to do next holidays?<\/span><\/li>\n<li><span style=\"color: #202a51;\">Conversation: Dressing up to impress!<\/span><\/li>\n<li><span style=\"color: #202a51;\">Conversation: Some things never change!<\/span><\/li>\n<li><span style=\"color: #202a51;\">Conversation: I love this painting!<\/span><\/li>\n<li><span style=\"color: #202a51;\">Conversation: Did you like?<\/span><\/li>\n<li><span style=\"color: #202a51;\">Conversation: What would you do?<\/span><\/li>\n<li><span style=\"color: #202a51;\">Reading comprehesion.<\/span><\/li>\n<li><span style=\"color: #202a51;\">Resumen y repaso.<\/span><\/li>\n<li><span style=\"color: #202a51;\">Let\u2019s sing!<\/span><\/li>\n<\/ul>\n<\/td>\n<td>\n<ul>\n<li><span style=\"color: #202a51;\">Se interesa por conocer vocabulario b\u00e1sico que se utiliza en la vida real.<\/span><\/li>\n<li><span style=\"color: #202a51;\">Se esfuerza por desarrollar la comprensi\u00f3n lectora y auditiva para lograr una comunicaci\u00f3n m\u00e1s f\u00e1cil y fluida a trav\u00e9s de presentaciones y proyectos.<\/span><\/li>\n<li><span style=\"color: #202a51;\">Valora el idioma ingl\u00e9s como segunda lengua a trav\u00e9s de conversaciones, ejercicios de lectura, escritura y auditivos.<\/span><\/li>\n<li><span style=\"color: #202a51;\">Realizaci\u00f3n de las estrategias de aprendizaje.<\/span><\/li>\n<li><span style=\"color: #202a51;\">Disposici\u00f3n al trabajo en equipo.<\/span><\/li>\n<li><span style=\"color: #202a51;\">Respeto a normas de convivencia.<\/span><\/li>\n<li><span style=\"color: #202a51;\">Comparte conocimientos b\u00e1sicos y t\u00e9cnicos del idioma ingl\u00e9s con sus compa\u00f1eros en las clases.<\/span><\/li>\n<\/ul>\n<\/td>\n<\/tr>\n<\/tbody>\n<\/table>\n<div id=\"gitmind-floating-toolbar\" style=\"position: fixed; top: 0px; left: 0px; width: 0px; height: 0px; z-index: 999999; pointer-events: none;\" data-gitmind-ai-assistant-color-mode=\"light\"><\/div>\n","protected":false},"excerpt":{"rendered":"<p><strong style=\"font-family: Segoe, 'Segoe UI', 'DejaVu Sans', 'Trebuchet MS', Verdana, sans-serif; font-size: 20px;\">Unidades en que se divide el libro<\/strong><\/p>\n<ul>\n<li>Unidad did\u00e1ctica 1: <strong>Exploring my community \u2013 Explorando mi comunidad<\/strong><\/li>\n<li>Unidad did\u00e1ctica 2: <strong>Different lifestyles &#8211; Diferentes estilos de vida<\/strong><\/li>\n<li>Unidad did\u00e1ctica 3: <strong>Enjoying our vacation &#8211; Disfrutando nuestras vacaciones<\/strong><\/li>\n<li>Unidad did\u00e1ctica 4: <strong>Valuing our culture &#8211; Valorando nuestra cultura<\/strong><\/li>\n<li>Unidad did\u00e1ctica 5: <strong>Yesterday, today and tomorrow &#8211; Ayer, hoy y ma\u00f1ana<\/strong><\/li>\n<li>Unidad did\u00e1ctica 6: <strong>Wonders of the modern world &#8211; Maravillas del mundo moderno<\/strong><\/li>\n<li>Unidad did\u00e1ctica 7: <strong>Reactions and opinions &#8211; Reacciones y Opiniones<\/strong><\/li>\n<li>Unidad did\u00e1ctica 8: <strong>What`s your excuses? &#8211; \u00bfCu\u00e1l es tu excusa?<\/strong><\/li>\n<\/ul>\n<p>&nbsp;<\/p>\n<div id=\"gitmind-floating-toolbar\" style=\"position: fixed; top: 0px; left: 0px; width: 0px; height: 0px; z-index: 999999; pointer-events: none;\" data-gitmind-ai-assistant-color-mode=\"light\"><\/div>\n","protected":false},"featured_media":984,"comment_status":"open","ping_status":"closed","template":"","meta":{"pagelayer_contact_templates":[],"_pagelayer_content":""},"product_brand":[],"product_cat":[24,20,49,48,19],"product_tag":[],"class_list":{"0":"post-889","1":"product","2":"type-product","3":"status-publish","4":"has-post-thumbnail","6":"product_cat-i-bachillerato-tecnico-profesional-btp","7":"product_cat-todos","8":"product_cat-bookslider","9":"product_cat-ingles","10":"product_cat-nuevas-publicaciones","12":"first","13":"instock","14":"shipping-taxable","15":"product-type-simple"},"_links":{"self":[{"href":"https:\/\/prueba.editorialfares.com\/wpcsv\/wp-json\/wp\/v2\/product\/889","targetHints":{"allow":["GET"]}}],"collection":[{"href":"https:\/\/prueba.editorialfares.com\/wpcsv\/wp-json\/wp\/v2\/product"}],"about":[{"href":"https:\/\/prueba.editorialfares.com\/wpcsv\/wp-json\/wp\/v2\/types\/product"}],"replies":[{"embeddable":true,"href":"https:\/\/prueba.editorialfares.com\/wpcsv\/wp-json\/wp\/v2\/comments?post=889"}],"wp:featuredmedia":[{"embeddable":true,"href":"https:\/\/prueba.editorialfares.com\/wpcsv\/wp-json\/wp\/v2\/media\/984"}],"wp:attachment":[{"href":"https:\/\/prueba.editorialfares.com\/wpcsv\/wp-json\/wp\/v2\/media?parent=889"}],"wp:term":[{"taxonomy":"product_brand","embeddable":true,"href":"https:\/\/prueba.editorialfares.com\/wpcsv\/wp-json\/wp\/v2\/product_brand?post=889"},{"taxonomy":"product_cat","embeddable":true,"href":"https:\/\/prueba.editorialfares.com\/wpcsv\/wp-json\/wp\/v2\/product_cat?post=889"},{"taxonomy":"product_tag","embeddable":true,"href":"https:\/\/prueba.editorialfares.com\/wpcsv\/wp-json\/wp\/v2\/product_tag?post=889"}],"curies":[{"name":"wp","href":"https:\/\/api.w.org\/{rel}","templated":true}]}}